tors of 41644607?
317, 131371
List the prime factors of 39282907.
29, 1354583
List the prime factors of 27227967.
3, 13, 37, 18869
What are the prime factors of 336791047?
23, 227, 251, 257
What are the prime factors of 584256161?
701, 833461
What are the prime factors of 115352618?
2, 57676309
List the prime factors of 6912189946.
2, 3456094973
List the prime factors of 49860559.
7, 89, 163, 491
List the prime factors of 394674670.
2, 5, 13, 101, 30059
What are the prime factors of 233004321?
3, 11, 71, 33149
List the prime factors of 2881381584.
2, 3, 59, 1017437
What are the prime factors of 158072106?
2, 3, 61, 431891
List the prime factors of 378121812.
2, 3, 19, 1658429
What are the prime factors of 73848662?
2, 71, 593, 877
List the prime factors of 442511182.
2, 221255591
List the prime factors of 12511522.
2, 6255761
List the prime factors of 105285323.
11, 13, 59, 12479
What are the prime factors of 35253827?
7, 5036261
What are the prime factors of 1349677417?
11, 122697947
What are the prime factors of 1888427288?
2, 11, 47, 83, 5501
What are the prime factors of 1021365001?
13687, 74623
List the prime factors of 47218044.
2, 3, 17, 231461
What are the prime factors of 786861320?
2, 5, 7, 17, 53, 3119
What are the prime factors of 139057846?
2, 19, 73, 50129
What are the prime factors of 43791852?
2, 3, 13, 280717
What are the prime factors of 15046337?
1979, 7603
What are the prime factors of 36183643?
1997, 18119
What are the prime factors of 987990980?
2, 5, 757, 65257
What are the prime factors of 39335443?
7, 79, 83, 857
What are the prime factors of 186415146?
2, 3, 61, 169777
List the prime factors of 5179515771.
3, 251, 337, 20411
List the prime factors of 90042425.
5, 11, 19, 907
What are the prime factors of 43090136?
2, 1091, 4937
List the prime factors of 77191003.
73, 1057411
What are the prime factors of 1002552425?
5, 7, 5728871
List the prime factors of 387654675.
3, 5, 43, 71, 1693
What are the prime factors of 2788874256?
2, 3, 7, 593, 13997
List the prime factors of 5944979261.
13, 457306097
List the prime factors of 145553150.
2, 5, 17, 109, 1571
List the prime factors of 106192632.
2, 3, 7, 13, 48623
What are the prime factors of 928910923?
17, 2539, 21521
List the prime factors of 223134954.
2, 3, 7, 5312737
List the prime factors of 378921194.
2, 17, 281, 2333
List the prime factors of 9513947.
1319, 7213
What are the prime factors of 50188278?
2, 3, 7, 1194959
What are the prime factors of 93986007?
3, 1553, 20173
What are the prime factors of 42248872?
2, 997, 5297
What are the prime factors of 7263806677?
7263806677
List the prime factors of 149903353.
149903353
List the prime factors of 416375561.
7, 293, 203011
List the prime factors of 65500480.
2, 5, 79, 2591
List the prime factors of 144931742.
2, 72465871
List the prime factors of 58699791.
3, 6522199
What are the prime factors of 236648585?
5, 17, 61, 45641
List the prime factors of 431419821.
3, 7, 20543801
List the prime factors of 118712428.
2, 17, 29, 37, 1627
What are the prime factors of 435317?
435317
What are the prime factors of 1181888027?
19, 62204633
What are the prime factors of 491405067?
3, 54600563
List the prime factors of 34177284.
2, 3, 59, 16091
What are the prime factors of 321549575?
5, 12861983
What are the prime factors of 70923531?
3, 7, 29, 127, 131
List the prime factors of 3453673890.
2, 3, 5, 19, 577, 10501
List the prime factors of 137286687.
3, 37, 59, 20963
What are the prime factors of 23977577?
13, 29, 63601
List the prime factors of 120527060.
2, 5, 1699, 3547
List the prime factors of 60939754.
2, 211, 144407
List the prime factors of 932448616.
2, 11, 263, 40289
What are the prime factors of 47881391?
31, 47, 59, 557
List the prime factors of 2635775128.
2, 7, 43, 359, 3049
What are the prime factors of 726724899?
3, 26915737
List the prime factors of 371852888.
2, 11, 167, 25303
What are the prime factors of 125383711?
125383711
List the prime factors of 135318997.
11, 17, 283, 2557
What are the prime factors of 18037697?
17, 827, 1283
List the prime factors of 161675757.
3, 31, 67
What are the prime factors of 6091059?
3, 13, 47, 3323
What are the prime factors of 77249516?
2, 19, 1016441
What are the prime factors of 78691312?
2, 7, 19, 36979
What are the prime factors of 191982705?
3, 5, 41, 487, 641
List the prime factors of 167973649.
59, 2847011
What are the prime factors of 1448317810?
2, 5, 73, 1983997
What are the prime factors of 1050706297?
4759, 220783
What are the prime factors of 5308379374?
2, 47, 83, 680387
What are the prime factors of 73512667?
73512667
What are the prime factors of 2637890048?
2, 2153, 2393
What are the prime factors of 1570434970?
2, 5, 13, 29, 47, 8863
What are the prime factors of 70541407?
47, 97, 15473
List the prime factors of 321149804.
2, 80287451
List the prime factors of 16689406.
2, 73, 114311
What are the prime factors of 88432798?
2, 61, 691, 1049
What are the prime factors of 96554409?
3, 7, 19, 89, 2719
List the prime factors of 474447479.
11, 227, 251, 757
List the prime factors of 67832034.
2, 3, 337, 33547
What are the prime factors of 17166064?
2, 31, 53, 653
What are the prime factors of 5865898208?
2, 29, 41, 151, 1021
What are the prime factors of 577199900?
2, 5, 1103, 5233
What are the prime factors of 456260007?
3, 7, 223, 97429
List the prime factors of 326439335.
5, 41, 1592387
List the prime factors of 402592450.
2, 5, 13, 619373
What are the prime factors of 454032210?
2, 3, 5, 1279, 11833
What are the prime factors of 3108481907?
89, 1033, 33811
What are the prime factors of 435972691?
7, 11, 443, 12781
What are the prime factors of 150583026?
2, 3, 11, 107, 21323
List the prime factors of 4669141270.
2, 5, 466914127
List the prime factors of 4024787826.
2, 3, 97, 433, 15971
What are the prime factors of 137245964?
2, 17, 419, 4817
List the prime factors of 9284405.
5, 13, 142837
List the prime factors of 235501377.
3, 227, 345817
What are the prime factors of 110303734?
2, 37, 1490591
What are the prime factors of 153262866?
2, 3, 61, 418751
List the prime factors of 118670146.
2, 7, 29, 10079
List the prime factors of 1888223904.
2, 3, 7, 936619
List the prime factors of 203572800.
2, 3, 5, 67, 211
What are the prime factors of 3557292?
2, 3, 296441
List the prime factors of 217343493.
3, 103, 109, 239
List the prime factors of 5504118912.
2, 3, 919, 1733
List the prime factors of 39009360.
2, 3, 5, 13, 12503
What are the prime factors of 19605677?
7, 13, 215447
List the prime factors of 1469380853.
1469380853
List the prime factors of 59253315.
3, 5, 11, 359111
What are the prime factors of 1579123176?
2, 3, 65796799
List the prime factors of 63173144.
2, 293, 26951
List the prime factors of 1600787748.
2, 3, 7, 19056997
What are the prime factors of 229949737?
8353, 27529
What are the prime factors of 657497535?
3, 5, 43833169
List the prime factors of 226267493.
226267493
What are the prime factors of 895171969?
37, 97, 249421
What are the prime factors of 65196159?
3, 7, 67, 46337
List the prime factors of 1834289528.
2, 17, 43, 313661
List the prime factors of 220673813.
67, 3293639
What are the prime factors of 125457833?
125457833
List the prime factors of 1392590614.
2, 23, 29, 1043921
List the prime factors of 39200411.
167, 234733
What are the prime factors of 205450744?
2, 59, 435277
What are the prime factors of 4179403261?
11, 1021, 372131
What are the prime factors of 239625733?
239625733
What are the prime factors of 1895230?
2, 5, 189523
List the prime factors of 3419258889.
3, 191, 5967293
What are the prime factors of 1924366737?
3, 23, 149, 187177
List the prime factors of 5421995444.
2, 229, 1409, 4201
List the prime factors of 48228846.
2, 3, 8038141
List the prime factors of 58685736.
2, 3, 149, 16411
What are the prime factors of 1780441233?
3, 2699, 219889
What are the prime factors of 4340154483?
3, 7, 73, 167, 5651
List the prime factors of 33632947.
33632947
List the prime factors of 675497497.
675497497
List the prime factors of 64401219.
3, 17, 23, 18301
What are the prime factors of 54144676?
2, 13536169
List the prime factors of 320023374.
2, 3, 11, 4848839
List the prime factors of 192920435.
5, 23, 1677569
W